{"id":269,"date":"2023-09-03T21:11:39","date_gmt":"2023-09-03T21:11:39","guid":{"rendered":"https:\/\/web.porres.edu.ar\/test\/?page_id=269"},"modified":"2023-10-06T02:15:14","modified_gmt":"2023-10-06T02:15:14","slug":"deportes","status":"publish","type":"page","link":"https:\/\/www.porres.edu.ar\/index.php\/deportes\/","title":{"rendered":"Deportes"},"content":{"rendered":"\t\t<div data-elementor-type=\"wp-page\" data-elementor-id=\"269\" class=\"elementor elementor-269\" data-elementor-post-type=\"page\">\n\t\t\t\t\t\t\t\t\t<section class=\"elementor-section elementor-top-section elementor-element elementor-element-66a74877 elementor-section-height-min-height elementor-section-boxed elementor-section-height-default elementor-section-items-middle\" data-id=\"66a74877\" data-element_type=\"section\" data-settings=\"{&quot;background_background&quot;:&quot;slideshow&quot;,&quot;background_slideshow_gallery&quot;:[{&quot;id&quot;:835,&quot;url&quot;:&quot;https:\\\/\\\/www.porres.edu.ar\\\/wp-content\\\/uploads\\\/2023\\\/09\\\/01-SLIDER-10.png&quot;},{&quot;id&quot;:836,&quot;url&quot;:&quot;https:\\\/\\\/www.porres.edu.ar\\\/wp-content\\\/uploads\\\/2023\\\/09\\\/02-SLIDER-10.png&quot;},{&quot;id&quot;:837,&quot;url&quot;:&quot;https:\\\/\\\/www.porres.edu.ar\\\/wp-content\\\/uploads\\\/2023\\\/09\\\/03-SLIDER-7.png&quot;},{&quot;id&quot;:838,&quot;url&quot;:&quot;https:\\\/\\\/www.porres.edu.ar\\\/wp-content\\\/uploads\\\/2023\\\/09\\\/04-SLIDER-6.png&quot;},{&quot;id&quot;:839,&quot;url&quot;:&quot;https:\\\/\\\/www.porres.edu.ar\\\/wp-content\\\/uploads\\\/2023\\\/09\\\/05-SLIDER-6.png&quot;}],&quot;background_slideshow_slide_transition&quot;:&quot;slide_left&quot;,&quot;background_slideshow_loop&quot;:&quot;yes&quot;,&quot;background_slideshow_slide_duration&quot;:5000,&quot;background_slideshow_transition_duration&quot;:500}\">\n\t\t\t\t\t\t\t<div class=\"elementor-background-overlay\"><\/div>\n\t\t\t\t\t\t\t<div class=\"elementor-container elementor-column-gap-default\">\n\t\t\t\t\t<div class=\"elementor-column elementor-col-100 elementor-top-column elementor-element elementor-element-467d0ad6\" data-id=\"467d0ad6\" data-element_type=\"column\">\n\t\t\t<div class=\"elementor-widget-wrap\">\n\t\t\t\t\t\t\t\t\t<\/div>\n\t\t<\/div>\n\t\t\t\t\t\t\t<\/div>\n\t\t<\/section>\n\t\t\t\t<section class=\"elementor-section elementor-top-section elementor-element elementor-element-f77a12d elementor-section-boxed elementor-section-height-default elementor-section-height-default\" data-id=\"f77a12d\" data-element_type=\"section\">\n\t\t\t\t\t\t<div class=\"elementor-container elementor-column-gap-default\">\n\t\t\t\t\t<div class=\"elementor-column elementor-col-100 elementor-top-column elementor-element elementor-element-5380e7da elementor-invisible\" data-id=\"5380e7da\" data-element_type=\"column\" data-settings=\"{&quot;animation&quot;:&quot;fadeInUp&quot;}\">\n\t\t\t<div class=\"elementor-widget-wrap elementor-element-populated\">\n\t\t\t\t\t\t\t\t<div class=\"elementor-element elementor-element-52e866df elementor-widget elementor-widget-heading\" data-id=\"52e866df\" data-element_type=\"widget\" data-widget_type=\"heading.default\">\n\t\t\t\t<div class=\"elementor-widget-container\">\n\t\t\t<style>\/*! elementor - v3.15.0 - 20-08-2023 *\/\n.elementor-heading-title{padding:0;margin:0;line-height:1}.elementor-widget-heading .elementor-heading-title[class*=elementor-size-]>a{color:inherit;font-size:inherit;line-height:inherit}.elementor-widget-heading .elementor-heading-title.elementor-size-small{font-size:15px}.elementor-widget-heading .elementor-heading-title.elementor-size-medium{font-size:19px}.elementor-widget-heading .elementor-heading-title.elementor-size-large{font-size:29px}.elementor-widget-heading .elementor-heading-title.elementor-size-xl{font-size:39px}.elementor-widget-heading .elementor-heading-title.elementor-size-xxl{font-size:59px}<\/style><h2 class=\"elementor-heading-title elementor-size-default\">Deportes<\/h2>\t\t<\/div>\n\t\t\t\t<\/div>\n\t\t\t\t<div class=\"elementor-element elementor-element-56ab743d elementor-widget elementor-widget-text-editor\" data-id=\"56ab743d\" data-element_type=\"widget\" data-widget_type=\"text-editor.default\">\n\t\t\t\t<div class=\"elementor-widget-container\">\n\t\t\t<style>\/*! elementor - v3.15.0 - 20-08-2023 *\/\n.elementor-widget-text-editor.elementor-drop-cap-view-stacked .elementor-drop-cap{background-color:#69727d;color:#fff}.elementor-widget-text-editor.elementor-drop-cap-view-framed .elementor-drop-cap{color:#69727d;border:3px solid;background-color:transparent}.elementor-widget-text-editor:not(.elementor-drop-cap-view-default) .elementor-drop-cap{margin-top:8px}.elementor-widget-text-editor:not(.elementor-drop-cap-view-default) .elementor-drop-cap-letter{width:1em;height:1em}.elementor-widget-text-editor .elementor-drop-cap{float:left;text-align:center;line-height:1;font-size:50px}.elementor-widget-text-editor .elementor-drop-cap-letter{display:inline-block}<\/style>\t\t\t\t<p>En San Martin de Porres queremos ofrecer una educaci\u00f3n global a nuestros concurrentes por lo que <b>el deporte, es uno de los principales ejes que atraviesan nuestro trabajo diario.<\/b><\/p><p>Es por ello que <b>consideramos al deporte una actividad esencial, por lo que es importante que est\u00e9 presente en todas las etapas de la vida formando parte del tiempo de ocio y de mejora de la calidad de vida. <\/b>Es fundamental recordar que ante todo los ni\u00f1os y j\u00f3venes necesitan jugar y divertirse.<\/p><p>Desde hace varios a\u00f1os, nuestra instituci\u00f3n promueve talleres deportivos como <b>b\u00e1squet, f\u00fatbol, ping pong y nataci\u00f3n, dentro y fuera de nuestras instalaciones.<\/b> Como forma de promover la inclusi\u00f3n social, participamos de forma anual de los torneos Bonaerenses y otros concursos.<br \/><br \/><b>Gimnasios<\/b><\/p><p><b>Hemos integrado gimnasios equipados con escaladores, cintas para correr, aparatos, pesas, bicicletas fijas, etc. para promover la actividad f\u00edsica y mejorar la salud de nuestros concurrentes.<\/b> Con nuestros profesores de Educaci\u00f3n F\u00edsica, ense\u00f1amos a moverse, mejorar la fuerza y la coordinaci\u00f3n de manera personalizada. La incorporaci\u00f3n de esta dimensi\u00f3n f\u00edsica en nuestro enfoque terap\u00e9utico subraya nuestro compromiso en ofrecer un programa integral que atiende las necesidades y aspiraciones de cada beneficiario.<\/p><p><b>Salas de integraci\u00f3n sensorial y psicomotricidad<\/b><\/p><p>Reconociendo la importancia de la estimulaci\u00f3n sensorial y el desarrollo motor en el bienestar de los ni\u00f1os y ni\u00f1as con TEA, <b>hemos creado salas equipadas con recursos y herramientas que brindan experiencias sensoriales y actividades psicomotoras. <\/b>Desde estimulantes texturas y luces hasta elementos interactivos que promueven el equilibrio y la coordinaci\u00f3n, nuestras <b>Salas de Integraci\u00f3n Sensorial y Psicomotricidad<\/b> son espacios donde cada ni\u00f1o puede explorar y fortalecer habilidades en un entorno seguro y terap\u00e9utico.<\/p><p><b>Nataci\u00f3n\u00a0<\/b><\/p><p>Aprender a nadar va m\u00e1s all\u00e1 de la diversi\u00f3n en el agua; <b>es una herramienta esencial para la prevenci\u00f3n de situaciones peligrosas en entornos acu\u00e1ticos.<\/b> Para las personas en el espectro autista, <b>la nataci\u00f3n no solo promueve la confianza y la independencia, sino que tambi\u00e9n contribuye a un mayor bienestar f\u00edsico y emocional.<\/b> Contamos con varias piscinas climatizadas en la mayor\u00eda de nuestras sedes y convenios con clubes para que todos nuestros concurrentes accedan a esta actividad a lo largo de todo el a\u00f1o.<\/p>\t\t\t\t\t\t<\/div>\n\t\t\t\t<\/div>\n\t\t\t\t\t<\/div>\n\t\t<\/div>\n\t\t\t\t\t\t\t<\/div>\n\t\t<\/section>\n\t\t\t\t<section class=\"elementor-section elementor-top-section elementor-element elementor-element-3ee32c93 elementor-section-full_width elementor-section-height-default elementor-section-height-default\" data-id=\"3ee32c93\" data-element_type=\"section\">\n\t\t\t\t\t\t<div class=\"elementor-container elementor-column-gap-no\">\n\t\t\t\t\t<div class=\"elementor-column elementor-col-100 elementor-top-column elementor-element elementor-element-25e9b323\" data-id=\"25e9b323\" data-element_type=\"column\">\n\t\t\t<div class=\"elementor-widget-wrap elementor-element-populated\">\n\t\t\t\t\t\t\t\t<div class=\"elementor-element elementor-element-58678195 elementor-widget__width-initial elementor-widget elementor-widget-image-gallery\" data-id=\"58678195\" data-element_type=\"widget\" data-widget_type=\"image-gallery.default\">\n\t\t\t\t<div class=\"elementor-widget-container\">\n\t\t\t<style>\/*! elementor - v3.15.0 - 20-08-2023 *\/\n.elementor-image-gallery .gallery-item{display:inline-block;text-align:center;vertical-align:top;width:100%;max-width:100%;margin:0 auto}.elementor-image-gallery .gallery-item img{margin:0 auto}.elementor-image-gallery .gallery-item .gallery-caption{margin:0}.elementor-image-gallery figure img{display:block}.elementor-image-gallery figure figcaption{width:100%}.gallery-spacing-custom .elementor-image-gallery .gallery-icon{padding:0}@media (min-width:768px){.elementor-image-gallery .gallery-columns-2 .gallery-item{max-width:50%}.elementor-image-gallery .gallery-columns-3 .gallery-item{max-width:33.33%}.elementor-image-gallery .gallery-columns-4 .gallery-item{max-width:25%}.elementor-image-gallery .gallery-columns-5 .gallery-item{max-width:20%}.elementor-image-gallery .gallery-columns-6 .gallery-item{max-width:16.666%}.elementor-image-gallery .gallery-columns-7 .gallery-item{max-width:14.28%}.elementor-image-gallery .gallery-columns-8 .gallery-item{max-width:12.5%}.elementor-image-gallery .gallery-columns-9 .gallery-item{max-width:11.11%}.elementor-image-gallery .gallery-columns-10 .gallery-item{max-width:10%}}@media (min-width:480px) and (max-width:767px){.elementor-image-gallery .gallery.gallery-columns-2 .gallery-item,.elementor-image-gallery .gallery.gallery-columns-3 .gallery-item,.elementor-image-gallery .gallery.gallery-columns-4 .gallery-item,.elementor-image-gallery .gallery.gallery-columns-5 .gallery-item,.elementor-image-gallery .gallery.gallery-columns-6 .gallery-item,.elementor-image-gallery .gallery.gallery-columns-7 .gallery-item,.elementor-image-gallery .gallery.gallery-columns-8 .gallery-item,.elementor-image-gallery .gallery.gallery-columns-9 .gallery-item,.elementor-image-gallery .gallery.gallery-columns-10 .gallery-item{max-width:50%}}@media (max-width:479px){.elementor-image-gallery .gallery.gallery-columns-2 .gallery-item,.elementor-image-gallery .gallery.gallery-columns-3 .gallery-item,.elementor-image-gallery .gallery.gallery-columns-4 .gallery-item,.elementor-image-gallery .gallery.gallery-columns-5 .gallery-item,.elementor-image-gallery .gallery.gallery-columns-6 .gallery-item,.elementor-image-gallery .gallery.gallery-columns-7 .gallery-item,.elementor-image-gallery .gallery.gallery-columns-8 .gallery-item,.elementor-image-gallery .gallery.gallery-columns-9 .gallery-item,.elementor-image-gallery .gallery.gallery-columns-10 .gallery-item{max-width:100%}}<\/style>\t\t<div class=\"elementor-image-gallery\">\n\t\t\t<div id='gallery-1' class='gallery galleryid-269 gallery-columns-5 gallery-size-full'><figure class='gallery-item'>\n\t\t\t<div class='gallery-icon landscape'>\n\t\t\t\t<a data-elementor-open-lightbox=\"yes\" data-elementor-lightbox-slideshow=\"58678195\" data-elementor-lightbox-title=\"05-GALERIA\" data-e-action-hash=\"#elementor-action%3Aaction%3Dlightbox%26settings%3DeyJpZCI6MTE0MSwidXJsIjoiaHR0cHM6XC9cL3d3dy5wb3JyZXMuZWR1LmFyXC93cC1jb250ZW50XC91cGxvYWRzXC8yMDIzXC8xMFwvMDUtR0FMRVJJQS5wbmciLCJzbGlkZXNob3ciOiI1ODY3ODE5NSJ9\" href='https:\/\/www.porres.edu.ar\/wp-content\/uploads\/2023\/10\/05-GALERIA.png'><img loading=\"lazy\" decoding=\"async\" width=\"680\" height=\"680\" src=\"https:\/\/www.porres.edu.ar\/wp-content\/uploads\/2023\/10\/05-GALERIA.png\" class=\"attachment-full size-full\" alt=\"\" srcset=\"https:\/\/www.porres.edu.ar\/wp-content\/uploads\/2023\/10\/05-GALERIA.png 680w, https:\/\/www.porres.edu.ar\/wp-content\/uploads\/2023\/10\/05-GALERIA-300x300.png 300w, https:\/\/www.porres.edu.ar\/wp-content\/uploads\/2023\/10\/05-GALERIA-150x150.png 150w, https:\/\/www.porres.edu.ar\/wp-content\/uploads\/2023\/10\/05-GALERIA-250x250.png 250w\" sizes=\"auto, (max-width: 680px) 100vw, 680px\" \/><\/a>\n\t\t\t<\/div><\/figure><figure class='gallery-item'>\n\t\t\t<div class='gallery-icon landscape'>\n\t\t\t\t<a data-elementor-open-lightbox=\"yes\" data-elementor-lightbox-slideshow=\"58678195\" data-elementor-lightbox-title=\"04-GALERIA\" data-e-action-hash=\"#elementor-action%3Aaction%3Dlightbox%26settings%3DeyJpZCI6MTE0MiwidXJsIjoiaHR0cHM6XC9cL3d3dy5wb3JyZXMuZWR1LmFyXC93cC1jb250ZW50XC91cGxvYWRzXC8yMDIzXC8xMFwvMDQtR0FMRVJJQS5wbmciLCJzbGlkZXNob3ciOiI1ODY3ODE5NSJ9\" href='https:\/\/www.porres.edu.ar\/wp-content\/uploads\/2023\/10\/04-GALERIA.png'><img loading=\"lazy\" decoding=\"async\" width=\"680\" height=\"680\" src=\"https:\/\/www.porres.edu.ar\/wp-content\/uploads\/2023\/10\/04-GALERIA.png\" class=\"attachment-full size-full\" alt=\"\" srcset=\"https:\/\/www.porres.edu.ar\/wp-content\/uploads\/2023\/10\/04-GALERIA.png 680w, https:\/\/www.porres.edu.ar\/wp-content\/uploads\/2023\/10\/04-GALERIA-300x300.png 300w, https:\/\/www.porres.edu.ar\/wp-content\/uploads\/2023\/10\/04-GALERIA-150x150.png 150w, https:\/\/www.porres.edu.ar\/wp-content\/uploads\/2023\/10\/04-GALERIA-250x250.png 250w\" sizes=\"auto, (max-width: 680px) 100vw, 680px\" \/><\/a>\n\t\t\t<\/div><\/figure><figure class='gallery-item'>\n\t\t\t<div class='gallery-icon landscape'>\n\t\t\t\t<a data-elementor-open-lightbox=\"yes\" data-elementor-lightbox-slideshow=\"58678195\" data-elementor-lightbox-title=\"03-GALERIA\" data-e-action-hash=\"#elementor-action%3Aaction%3Dlightbox%26settings%3DeyJpZCI6MTE0MywidXJsIjoiaHR0cHM6XC9cL3d3dy5wb3JyZXMuZWR1LmFyXC93cC1jb250ZW50XC91cGxvYWRzXC8yMDIzXC8xMFwvMDMtR0FMRVJJQS5wbmciLCJzbGlkZXNob3ciOiI1ODY3ODE5NSJ9\" href='https:\/\/www.porres.edu.ar\/wp-content\/uploads\/2023\/10\/03-GALERIA.png'><img loading=\"lazy\" decoding=\"async\" width=\"680\" height=\"680\" src=\"https:\/\/www.porres.edu.ar\/wp-content\/uploads\/2023\/10\/03-GALERIA.png\" class=\"attachment-full size-full\" alt=\"\" srcset=\"https:\/\/www.porres.edu.ar\/wp-content\/uploads\/2023\/10\/03-GALERIA.png 680w, https:\/\/www.porres.edu.ar\/wp-content\/uploads\/2023\/10\/03-GALERIA-300x300.png 300w, https:\/\/www.porres.edu.ar\/wp-content\/uploads\/2023\/10\/03-GALERIA-150x150.png 150w, https:\/\/www.porres.edu.ar\/wp-content\/uploads\/2023\/10\/03-GALERIA-250x250.png 250w\" sizes=\"auto, (max-width: 680px) 100vw, 680px\" \/><\/a>\n\t\t\t<\/div><\/figure><figure class='gallery-item'>\n\t\t\t<div class='gallery-icon landscape'>\n\t\t\t\t<a data-elementor-open-lightbox=\"yes\" data-elementor-lightbox-slideshow=\"58678195\" data-elementor-lightbox-title=\"01-GALERIA\" data-e-action-hash=\"#elementor-action%3Aaction%3Dlightbox%26settings%3DeyJpZCI6MTE0NCwidXJsIjoiaHR0cHM6XC9cL3d3dy5wb3JyZXMuZWR1LmFyXC93cC1jb250ZW50XC91cGxvYWRzXC8yMDIzXC8xMFwvMDEtR0FMRVJJQS5wbmciLCJzbGlkZXNob3ciOiI1ODY3ODE5NSJ9\" href='https:\/\/www.porres.edu.ar\/wp-content\/uploads\/2023\/10\/01-GALERIA.png'><img loading=\"lazy\" decoding=\"async\" width=\"680\" height=\"680\" src=\"https:\/\/www.porres.edu.ar\/wp-content\/uploads\/2023\/10\/01-GALERIA.png\" class=\"attachment-full size-full\" alt=\"\" srcset=\"https:\/\/www.porres.edu.ar\/wp-content\/uploads\/2023\/10\/01-GALERIA.png 680w, https:\/\/www.porres.edu.ar\/wp-content\/uploads\/2023\/10\/01-GALERIA-300x300.png 300w, https:\/\/www.porres.edu.ar\/wp-content\/uploads\/2023\/10\/01-GALERIA-150x150.png 150w, https:\/\/www.porres.edu.ar\/wp-content\/uploads\/2023\/10\/01-GALERIA-250x250.png 250w\" sizes=\"auto, (max-width: 680px) 100vw, 680px\" \/><\/a>\n\t\t\t<\/div><\/figure><figure class='gallery-item'>\n\t\t\t<div class='gallery-icon landscape'>\n\t\t\t\t<a data-elementor-open-lightbox=\"yes\" data-elementor-lightbox-slideshow=\"58678195\" data-elementor-lightbox-title=\"02-GALERIA\" data-e-action-hash=\"#elementor-action%3Aaction%3Dlightbox%26settings%3DeyJpZCI6MTE0NSwidXJsIjoiaHR0cHM6XC9cL3d3dy5wb3JyZXMuZWR1LmFyXC93cC1jb250ZW50XC91cGxvYWRzXC8yMDIzXC8xMFwvMDItR0FMRVJJQS5wbmciLCJzbGlkZXNob3ciOiI1ODY3ODE5NSJ9\" href='https:\/\/www.porres.edu.ar\/wp-content\/uploads\/2023\/10\/02-GALERIA.png'><img loading=\"lazy\" decoding=\"async\" width=\"680\" height=\"680\" src=\"https:\/\/www.porres.edu.ar\/wp-content\/uploads\/2023\/10\/02-GALERIA.png\" class=\"attachment-full size-full\" alt=\"\" srcset=\"https:\/\/www.porres.edu.ar\/wp-content\/uploads\/2023\/10\/02-GALERIA.png 680w, https:\/\/www.porres.edu.ar\/wp-content\/uploads\/2023\/10\/02-GALERIA-300x300.png 300w, https:\/\/www.porres.edu.ar\/wp-content\/uploads\/2023\/10\/02-GALERIA-150x150.png 150w, https:\/\/www.porres.edu.ar\/wp-content\/uploads\/2023\/10\/02-GALERIA-250x250.png 250w\" sizes=\"auto, (max-width: 680px) 100vw, 680px\" \/><\/a>\n\t\t\t<\/div><\/figure>\n\t\t<\/div>\n\t\t<\/div>\n\t\t\t\t<\/div>\n\t\t\t\t<\/div>\n\t\t\t\t\t<\/div>\n\t\t<\/div>\n\t\t\t\t\t\t\t<\/div>\n\t\t<\/section>\n\t\t\t\t<section class=\"elementor-section elementor-top-section elementor-element elementor-element-4f95e4c1 elementor-section-boxed elementor-section-height-default elementor-section-height-default\" data-id=\"4f95e4c1\" data-element_type=\"section\" data-settings=\"{&quot;background_background&quot;:&quot;classic&quot;,&quot;shape_divider_bottom&quot;:&quot;waves&quot;}\">\n\t\t\t\t\t<div class=\"elementor-shape elementor-shape-bottom\" data-negative=\"false\">\n\t\t\t<svg xmlns=\"http:\/\/www.w3.org\/2000\/svg\" viewBox=\"0 0 1000 100\" preserveAspectRatio=\"none\">\n\t<path class=\"elementor-shape-fill\" d=\"M421.9,6.5c22.6-2.5,51.5,0.4,75.5,5.3c23.6,4.9,70.9,23.5,100.5,35.7c75.8,32.2,133.7,44.5,192.6,49.7\n\tc23.6,2.1,48.7,3.5,103.4-2.5c54.7-6,106.2-25.6,106.2-25.6V0H0v30.3c0,0,72,32.6,158.4,30.5c39.2-0.7,92.8-6.7,134-22.4\n\tc21.2-8.1,52.2-18.2,79.7-24.2C399.3,7.9,411.6,7.5,421.9,6.5z\"\/>\n<\/svg>\t\t<\/div>\n\t\t\t\t\t<div class=\"elementor-container elementor-column-gap-default\">\n\t\t\t\t\t<div class=\"elementor-column elementor-col-100 elementor-top-column elementor-element elementor-element-7d7e68d0\" data-id=\"7d7e68d0\" data-element_type=\"column\">\n\t\t\t<div class=\"elementor-widget-wrap elementor-element-populated\">\n\t\t\t\t\t\t\t\t<div class=\"elementor-element elementor-element-22e17db elementor-widget elementor-widget-heading\" data-id=\"22e17db\" data-element_type=\"widget\" data-widget_type=\"heading.default\">\n\t\t\t\t<div class=\"elementor-widget-container\">\n\t\t\t<h2 class=\"elementor-heading-title elementor-size-xxl\">\u00a1Solicit\u00e1 una vacante ahora!<\/h2>\t\t<\/div>\n\t\t\t\t<\/div>\n\t\t\t\t<div class=\"elementor-element elementor-element-fed95da elementor-widget elementor-widget-text-editor\" data-id=\"fed95da\" data-element_type=\"widget\" data-widget_type=\"text-editor.default\">\n\t\t\t\t<div class=\"elementor-widget-container\">\n\t\t\t\t\t\t\t<p>Hac\u00e9 click en el bot\u00f3n, complet\u00e1 el formulario y un profesional se pondr\u00e1 en contacto con vos para coordinar una entrevista.<\/p>\t\t\t\t\t\t<\/div>\n\t\t\t\t<\/div>\n\t\t\t\t<div class=\"elementor-element elementor-element-790106ff elementor-align-center elementor-button-success elementor-widget elementor-widget-button\" data-id=\"790106ff\" data-element_type=\"widget\" data-widget_type=\"button.default\">\n\t\t\t\t<div class=\"elementor-widget-container\">\n\t\t\t\t\t<div class=\"elementor-button-wrapper\">\n\t\t\t<a class=\"elementor-button elementor-button-link elementor-size-xl\" href=\"https:\/\/www.porres.edu.ar\/index.php\/formulario-de-admision\/\">\n\t\t\t\t\t\t<span class=\"elementor-button-content-wrapper\">\n\t\t\t\t\t\t<span class=\"elementor-button-text\">Formulario de Admisi\u00f3n<\/span>\n\t\t<\/span>\n\t\t\t\t\t<\/a>\n\t\t<\/div>\n\t\t\t\t<\/div>\n\t\t\t\t<\/div>\n\t\t\t\t\t<\/div>\n\t\t<\/div>\n\t\t\t\t\t\t\t<\/div>\n\t\t<\/section>\n\t\t\t\t\t\t\t<\/div>\n\t\t","protected":false},"excerpt":{"rendered":"<p>Deportes En San Martin de Porres queremos ofrecer una educaci\u00f3n global a nuestros concurrentes por lo que el deporte, es uno de los principales ejes que atraviesan nuestro trabajo diario. Es por ello que consideramos al deporte una actividad esencial, por lo que es importante que est\u00e9 presente en todas las etapas de la vida [&hellip;]<\/p>\n","protected":false},"author":1,"featured_media":0,"parent":0,"menu_order":0,"comment_status":"closed","ping_status":"closed","template":"","meta":{"footnotes":""},"class_list":["post-269","page","type-page","status-publish","hentry"],"_links":{"self":[{"href":"https:\/\/www.porres.edu.ar\/index.php\/wp-json\/wp\/v2\/pages\/269","targetHints":{"allow":["GET"]}}],"collection":[{"href":"https:\/\/www.porres.edu.ar\/index.php\/wp-json\/wp\/v2\/pages"}],"about":[{"href":"https:\/\/www.porres.edu.ar\/index.php\/wp-json\/wp\/v2\/types\/page"}],"author":[{"embeddable":true,"href":"https:\/\/www.porres.edu.ar\/index.php\/wp-json\/wp\/v2\/users\/1"}],"replies":[{"embeddable":true,"href":"https:\/\/www.porres.edu.ar\/index.php\/wp-json\/wp\/v2\/comments?post=269"}],"version-history":[{"count":25,"href":"https:\/\/www.porres.edu.ar\/index.php\/wp-json\/wp\/v2\/pages\/269\/revisions"}],"predecessor-version":[{"id":1374,"href":"https:\/\/www.porres.edu.ar\/index.php\/wp-json\/wp\/v2\/pages\/269\/revisions\/1374"}],"wp:attachment":[{"href":"https:\/\/www.porres.edu.ar\/index.php\/wp-json\/wp\/v2\/media?parent=269"}],"curies":[{"name":"wp","href":"https:\/\/api.w.org\/{rel}","templated":true}]}}